476 = 20*v + 9*v. What is the hundreds digit of v?
9
Suppose -g - 3*z + 5800 = 0, z = 11 - 10. What is the hundreds digit of g?
7
Let v = -103 + 336. Suppose -4*i = v - 589. Suppose 2*u = 3*u - 2*h - i, 4*u + 2*h - 336 = 0. What is the units digit of u?
5
Let s be (36/15 + -2)*(-1 - -6). Suppose 2*k + 7 = -s*d + 127, 58 = k + 3*d. What is the tens digit of k?
6
Let t = 22604 - 3780. What is the units digit of t?
4
Suppose -j + 1 = 5. Let f be (8/(-10))/(j/(-10)). What is the units digit of (-4)/3*36/4*f?
4
Suppose -4*w = -4*u - 68748, 11*w + 17181 = 12*w + 5*u. What is the thousands digit of w?
7
Suppose 0 = -8*c + 208 - 8. What is the tens digit of 23875/c + -3 + 2?
5
Let g(d) = -4*d**2 + 32*d + 35423. What is the units digit of g(0)?
3
Let z be (-6)/(-21)*7 + 2. Suppose -z*m + 5*b + 1189 = 0, 4*m + 0*b - 2*b = 1198. What is the tens digit of m?
0
Suppose 3 = n - 5*c, 0 = -0*n - n + c - 1. Let r(i) = 30*i + 2. Let o(w) = 29*w + 3. Let g(p) = -5*o(p) + 4*r(p). What is the units digit of g(n)?
3
What is the thousands digit of 73 - -5062 - 16/(-6)*(-12)/8?
5
Let g(w) = -194*w - 115. Suppose 4*n + 40 = 5*l, -l = -4*n - 19 - 5. What is the tens digit of g(n)?
5
Let s = 2819 - 1902. Suppose s - 21 = 2*l. What is the hundreds digit of l?
4
Let s be 1 - (-1 - 4/(-4)). Let n be -19 + 23 + -2*s. Suppose 0 = -5*c - 15 + 40, 5*f + n*c - 190 = 0. What is the tens digit of f?
3
What is the tens digit of (349719/21 + 13)/(18/63)?
3
Suppose 223300 = 51*s + 61*s - 35*s. What is the hundreds digit of s?
9
Let a(h) = -47472*h - 934. What is the ten thousands digit of a(-1)?
4
Let k(c) = -c**3 - 8*c**2 + 16*c + 9. Let a be k(-10). Let h be ((-1)/(-2) - a/6)*3. Let x = 1 - h. What is the tens digit of x?
2
Let t(w) = 2*w**3 - 11*w**2 + 10*w - 31. Let d be t(7). What is the hundreds digit of 2*d - (1 + -3)?
3
Let r = 197 + -191. Suppose -3*x - 1235 = -8*h + r*h, 0 = 3*h + 2*x - 1833. What is the units digit of h?
3
Suppose 14*g - 46 = 38. Suppose -4*o = -g*o + 50. What is the units digit of o?
5
Let f(y) = 490*y**2 - 910*y - 7. What is the ten thousands digit of f(8)?
2
Let t be ((-4092)/10)/((-38)/20 - -2). Let y = -7267 - t. What is the units digit of 4/14 + 0 + y/(-35)?
1
Suppose -2*h + h = -3*h. Suppose -1486 = -2*m + 2*w, -4*m + w = -h*m - 2987. What is the units digit of m?
8
Let w(h) = -h**2 - h - 3. Let b be w(-2). What is the units digit of 12/(-20) + -106*b/50?
0
Let l = 63873 - 10313. What is the ten thousands digit of l?
5
Let q(n) = 5*n**2 - 22*n + 73. Suppose 12*u + 71 = 215. What is the units digit of q(u)?
9
Suppose -22*z + 7364736 = 58*z + 16*z. What is the thousands digit of z?
6
Let g = 37677 + -4970. What is the tens digit of g?
0
Let k(a) = -a**3 + 2*a**2 - 4*a - 4. Let l be k(-3). Let g = -1727 - -1808. Let z = g - l. What is the tens digit of z?
2
Let l(o) = 98*o**2 + 899*o - 30. What is the tens digit of l(-13)?
4
Let o(y) = -8*y**2 + 25*y**2 + 10 + y**3 - y - 11*y**2. Let v be o(-5). What is the units digit of 8/v + 9/5?
2
Suppose -24*a = -11*a - 13. What is the tens digit of (-2 - (a - 2)) + 1067 + 16?
8
Let w be 270/(-4)*8/(-12). Suppose 0 = -10*x - 5 + w. What is the tens digit of x/20 - 168/(-10)?
1
What is the ten thousands digit of 1160456/66 + (-7)/(-3)?
1
Suppose -65*p + 16*p + 1143373 = 28*p. What is the hundreds digit of p?
8
Let t be (-17 - -18)*-37*(-1 - 0). Let k = t - 63. Let x = k - -104. What is the units digit of x?
8
Let u(n) = -2*n + 43. Let q(k) = -k - 1. Let b(j) = 3*q(j) + u(j). Let t be b(7). Suppose 0*x = -x + v + 172, 0 = -t*v - 20. What is the hundreds digit of x?
1
Suppose 4 = -2*q - 4, 24 = -2*p - 4*q. Let n be -8*(3 + p) - 0. What is the tens digit of (176/12)/(n/36)?
6
What is the units digit of ((-100686)/1730)/(1/(-5))?
1
Let o = -234 + 240. Suppose -24681 = -13*k - o*k. What is the thousands digit of k?
1
Suppose m - 3*m + 2*c = -3192, -4*c = 4*m - 6424. Let s = m + -1067. What is the tens digit of s?
3
Let u be (-62)/(-4) + (-6)/(-12). Let x(a) = 4*a + u + 8 - 8. What is the tens digit of x(0)?
1
Let w = 4071 - -1147. What is the units digit of w?
8
Suppose -3*z - z + 12 = 0. Let q be 174/(-9) + z/9. What is the units digit of q/114 - 367/(-6)?
1
Suppose 0 = -33*q + 29*q + 19336. Suppose -5*c + q = 3*b, -2910 = -2*c - c - 5*b. What is the hundreds digit of c?
9
Suppose -1830*u + 1864*u = 767516. What is the ten thousands digit of u?
2
Suppose 0*c + 2*b - 58 = 4*c, 42 = -c - 5*b. What is the tens digit of 58/493 + (-10504)/c?
1
Let v(x) be the first derivative of -x**4/4 + x**3/2 + 6*x**2 - 20. Let f(y) be the second derivative of v(y). What is the units digit of f(-7)?
5
Suppose 5*b + 85644 = -5*s + 293659, 166436 = 4*b - 4*s. What is the thousands digit of b?
1
Let j(w) = w**3 + 88*w**2 + 66*w + 515. What is the tens digit of j(-86)?
3
Let v = -33556 + 107335. What is the units digit of v?
9
Let d be (-3)/9 - 14/(-12)*2. Suppose 0 = -h + 2, d*q = -5*h - 72. Let o = 117 + q. What is the units digit of o?
6
Let g(y) = 1404*y**2 + 63*y - 116. What is the thousands digit of g(2)?
5
Let j(s) be the second derivative of s**4/6 + 7*s**3/6 - 6*s**2 + 33*s. Let w be j(-6). What is the units digit of 3195/w - (-6)/(-4)?
6
Suppose -2*b = -y + 2236, 5*y - b = 5047 + 6124. What is the units digit of y?
4
Suppose 0 = -x - 4*f + 7*f - 11, -3*f - 1 = -4*x. What is the hundreds digit of (-280)/((-45)/(-30) - 10/x)?
2
Suppose -4*p + 2*a = 4*a - 39158, 7*a = -4*p + 39183. What is the units digit of p?
7
Let d(y) = 43*y + 17 - 44*y - 2*y**3 + 6*y**2 - 5. What is the hundreds digit of d(-4)?
2
Let h = 4 - 3. Suppose 0 = -2*p - 2*i - 10, i = -p + 2*i + h. What is the units digit of 476/8 - (-1)/p?
9
Let n = 12806 - 302. Suppose -n = -18*u - 2082. What is the units digit of u?
9
Suppose 12868 + 15557 = 5*n. What is the units digit of n?
5
Let u be 6*(-3)/(-18) + -177. What is the hundreds digit of 6/16 + (-322894)/u?
8
Suppose 197*p - 194*p = -12, 17864 = 4*d + 5*p. What is the thousands digit of d?
4
What is the tens digit of (1 + -2 + 488/32)/(6/1816)?
1
Suppose -5*j = 303 - 2493. Suppose 3*f = q - j, 2*q + 2*f + 23 - 867 = 0. What is the tens digit of q?
2
Suppose -1424*c = -1516*c + 5383104. What is the ten thousands digit of c?
5
Let z(n) = -64*n - 70. Let a be z(-21). Let d = 2234 - a. What is the tens digit of d?
6
Suppose -22*g - 33124 = -36*g. What is the tens digit of g?
6
Let k be (-4 - 1) + 9 + (-1 - 0). What is the hundreds digit of 799/k - 16/(-24)?
2
Suppose -j = 4*r + 178, -2*r = -r - j + 47. Let a = -78 - r. What is the units digit of 18/(-6) - a/3*2?
9
Suppose 2*a + u = 68555, -2*u + 68560 = 20*a - 18*a. Suppose a = -22*l + 47*l. What is the hundreds digit of l?
3
Suppose -3325 = 6*n + 2009. Let r = -169 - n. What is the hundreds digit of r?
7
Suppose -6*b + 3*b - 383 = -4*i, 204 = 2*i - 4*b. Suppose -2*d + 2 = 0, d = p - i - 384. What is the hundreds digit of p?
4
Let i = 261 + -261. Suppose x = 2*p + 312, -654 = -2*x - 2*p - i*p. What is the units digit of x?
2
Let d(i) = 38*i**2 - 60*i**2 + 7*i**3 - 74*i - 12 - 8*i**3. What is the hundreds digit of d(-22)?
6
Let z be (-1)/(-2) - 20/40. Let y = 0 - z. Suppose y = 4*i - 4, 0 = 5*q - 5*i - 9 - 61. What is the units digit of q?
5
Suppose 10*b - 29*b + 13*b = 0. Suppose k = -4*a + 976, -5*a - 4*k + 744 + 476 = b. What is the tens digit of a?
4
Let b = 55706 - 39674. What is the thousands digit of b?
6
Let t = 16958 + -9516. What is the units digit of t?
2
Let l = -256 - -250. What is the hundreds digit of ((-18)/(-6) + (l - -2))*-516?
5
Let w(q) = -48*q**2 + 244*q - 11. What is the units digit of w(5)?
9
Let b = -1007 - -1699. Suppose -k - 2*r = -334, -3*k + 3*r + 283 + b = 0. What is the units digit of k?
8
Let j(f) = f**2 - 34*f - 33. Let q be j(-1). Let n(c) be the third derivative of 61*c**5/60 + 5*c**4/24 - 5*c**3/6 - 2*c**2. What is the hundreds digit of n(q)?
2
Let n = -9144 + 16792. What is the thousands digit of n?
7
Let o(y) = -18*y**2 + 1042*y**3 - 18*y + 202 - 9*y**2 - 1041*y**3. What is the tens digit of o(28)?
8
Let f be 32/(-24) + 2001/9. Let j = f + 638. What is the hundreds digit of j?
8
Let q be ((-2)/(-4))/(-1) + (-133)/(-14). Suppose 0 = q*c - 6*c - 897. Let l = 512 - c. What is the units digit of l?
3
Let v(g) = 1957*g + 4396. What is t